Let d(t) = t - 2*t + t + 6*t - 1. Let s be d(1). Suppose -4*b + s = -19. Calculate the highest common factor of 6 and b.
6
Let j(y) = y**3 - 24*y**2 + 25*y - 42. Let z be j(23). Suppose 5*u + z*w - 2*w - 52 = 0, 5*u + 3*w - 53 = 0. What is the highest common factor of 160 and u?
10
Suppose 25 - 73 = -4*m. Let r = m - 9. Suppose 5*a - 53 + r = 0. Calculate the greatest common factor of a and 80.
10
Suppose -4*j + 5*n + 14 = 0, -4*j - 3 = 3*n - 1. Calculate the highest common factor of 8 and j.
1
Let b(v) = -v**3 - 16*v**2 - 30*v - 2. Let h be b(-14). Suppose 205 = -h*t + 31*t. Calculate the greatest common factor of t and 287.
41
Let w = 77 + -70. Suppose 14 + 378 = w*y. Let l = -29 - -57. What is the highest common divisor of y and l?
28
Let f(v) = -12*v**3 - 28*v**2 - 26*v + 2. Let u be f(-1). Calculate the highest common divisor of u and 51.
3
Let r(k) = -6*k + 40. Let b be r(4). Let z(l) = l + 2. Let q be z(0). Suppose 4*o = -g + 168, 0 = 2*o + 6 - q. Calculate the highest common divisor of g and b.
16
Suppose -g + 71 = 3*w, -2*w + 183 = 3*g - 3*w. What is the highest common factor of 403 and g?
31
Let y(o) = -o + 48. Let g be y(-3). What is the highest common divisor of 136 and g?
17
Let l be 48/8 - 3*-1. Suppose -l*z + 110 = -4*z. What is the greatest common factor of z and 55?
11
Let z = -39 - -59. Let j = 8 + z. What is the greatest common factor of 7 and j?
7
Let t(z) = -2*z**2 + 8*z - 40. Let m be t(7). Let r = m - -91. What is the greatest common divisor of r and 72?
9
Let j(l) be the second derivative of 0 - 11/2*l**2 + 1/12*l**4 + l**3 + 8*l. Let c be j(-9). What is the greatest common divisor of 80 and c?
16
Suppose 3*b - 22 = -8*b. Suppose -3*k + 8 = 2*v - 18, 0 = -b*v + 2. What is the highest common divisor of 8 and k?
8
Suppose 5*m - 83 - 42 = 0. Suppose -m = -o + 2*s, -2*s + 1 = o + 2*s. Calculate the highest common factor of 119 and o.
17
Let k be 1/(-1 - -4 - 4). Let f(l) = l + 8. Let h(r) = r - 1. Let b(o) = k*f(o) + 2*h(o). Let i be b(17). Calculate the highest common factor of 49 and i.
7
Suppose 0 = -12*k + 91 + 1829. Calculate the highest common factor of k and 16.
16
Let x(t) = 0*t**2 + 2 + 2*t**2 - 4 + 11*t**2. Let v be x(2). Suppose 2*q + 2*c = 6*q - 18, -4*c = -3*q + 11. Calculate the highest common factor of q and v.
5
Let c be (5 + (0/1 - 8))*-1. What is the greatest common divisor of c and 3?
3
Suppose 3*j = -2*y - 1, 3*y + j = 3 - 1. Let d be (9 - 9) + 38 + y. Calculate the highest common factor of 52 and d.
13
Let x(h) = -h**2 + 8*h + 3. Let j be x(6). Let i(o) = -2 + 0 + 19*o - j*o. Let r be i(4). What is the highest common divisor of 2 and r?
2
Let t(n) = 23*n**2 - 18*n - 13. Let c be t(-1). What is the greatest common factor of c and 1036?
28
Let v(c) = 14*c**2 - 123*c - 21. Let i be v(9). Calculate the highest common divisor of 33 and i.
3
Let n = 14 - 15. Let j be (-512)/(-12) - n/3. Suppose j = 5*h - 92. What is the greatest common factor of 3 and h?
3
Let h = 941 + 186. What is the greatest common divisor of h and 161?
161
Let x(i) = -i**3 + 5*i**2 + 7*i + 6. Let v be x(6). Let w(o) = 22*o**2 - 7*o - 6. Let a be w(-2). What is the greatest common factor of v and a?
12
Suppose 3*w + 6 = q + q, -5*w - 10 = 4*q. Suppose -4*u - 2*t + q*t - 4 = 0, -17 = -u + 4*t. Calculate the greatest common factor of u and 3.
1
Suppose u + 118 = 4*v - 82, -4*u = 5*v - 271. Calculate the greatest common divisor of v and 21.
3
Let r = -87 - -188. Let f = 266 - r. What is the greatest common factor of 66 and f?
33
Suppose 5*v - 61 = -2*t + 90, -2*v = 2*t - 58. What is the highest common divisor of v and 961?
31
Suppose 0 = -12*i + 17*i - 5*o - 15, -4*i + 5*o + 12 = 0. Calculate the highest common factor of 34 and i.
1
Suppose 9*z - 2912 + 482 = 0. Calculate the highest common factor of z and 150.
30
Suppose 166*p - 32 = 158*p. Let j = -2 + 20. Let o be j + p + (-4)/2. Calculate the highest common factor of 100 and o.
20
Let y be 3 - (-5)/(-1) - -10. Suppose -3*r + 2*t = -22 - 122, 2*r = t + 96. What is the highest common divisor of r and y?
8
Let c = -19 - -31. Let a = c + -3. Suppose -4*z - 4*g = -340, -g - 111 = -z - 16. What is the greatest common factor of a and z?
9
Suppose 5*i + 4*n = 55, -5*n - 6 = -i + 34. Calculate the greatest common factor of i and 12.
3
Suppose -3*f + 17 - 26 = 0. Let l = f - -24. Calculate the greatest common factor of l and 21.
21
Suppose -6 = 2*k, -5*a - k + 16 = -3*k. Suppose 11*w - 705 - 142 = 0. Suppose a*o - w = o. What is the greatest common factor of 11 and o?
11
Let k(y) = 2*y**2 + 7*y - 2. Let p(z) = -2*z**2 - 7*z + 3. Let u(i) = -3*k(i) - 4*p(i). Let q be u(-6). What is the greatest common factor of 120 and q?
24
Let g(r) = -2*r**3 - 155*r**2 + 82*r + 348. Let y be g(-78). Suppose -2*m - 30 = -q, 2*m = 2*q + 3*m - 75. Calculate the greatest common factor of q and y.
36
Suppose 5*c + 9 = -t + c, 2*c = 2*t - 2. Let n be 109 - (-20)/(5/t). Calculate the greatest common divisor of 35 and n.
35
Suppose 64 = -37*b + 582. Calculate the greatest common factor of 847 and b.
7
Let u be (2 + (10/(-8))/(-1))*-20. Let a = u + 78. What is the highest common factor of a and 13?
13
Suppose -5*h + 4*n - 2*n + 44 = 0, -42 = -5*h + n. What is the highest common factor of 1016 and h?
8
Let g be (2 + 3/(-6))*16. Suppose -3*h - 2*h - 384 = 2*k, -4*k = -3*h - 246. Let d = h + 114. Calculate the greatest common factor of g and d.
12
Let c = -49 + 57. Let h(z) = 4*z - 3. Let b be h(3). Suppose -b*x = -11*x + c. What is the highest common divisor of x and 2?
2
Let h(l) = -l**2 - 18*l + 7. Let b be h(-9). Let f = 15 + -15. Suppose -3*t - p + 26 + 7 = f, 4*t - 44 = -4*p. What is the highest common divisor of t and b?
11
Let j = 64 + 69. Suppose 17 = 4*n + 5. Suppose -2*i - n*d + 16 + 49 = 0, 4*i + 3*d = j. Calculate the highest common factor of i and 85.
17
Let b(h) = 7*h**2 - h + 1. Let p be b(6). Calculate the highest common factor of 19 and p.
19
Let h = 1903 + -1861. Calculate the highest common divisor of h and 26.
2
Let j(n) = n**3 + 14*n**2 + 28*n + 11. Let y be j(-11). Calculate the greatest common divisor of 363 and y.
33
Let x = 24 + -9. Let i be ((-4)/3)/((-4)/54). Suppose -5*v = -7 - i. What is the highest common divisor of x and v?
5
Let v(o) = o**2 + 4*o - 26. Let w be v(-12). Suppose 3*s = -7*s + w. What is the highest common factor of s and 7?
7
Let a = -962 + 968. Calculate the greatest common divisor of 27 and a.
3
Suppose 9 = 11*g - 8*g. Suppose -g*s = -4*w - 248, -2*s + 0*s + 150 = 5*w. Calculate the highest common divisor of 16 and s.
16
Let y(j) = 13*j**2 - 38*j + 140. Let z be y(12). Calculate the greatest common divisor of 4 and z.
4
Let y = -292 + 724. Calculate the greatest common factor of 48 and y.
48
Suppose 0 = l + 5*b - 43, l - 15 + 2 = b. Let d(w) = 30*w**2 - w + 3. Let a be d(3). Suppose 6*t = t + a. What is the greatest common factor of l and t?
18
Let b = -6 - -9. Suppose -2 = b*o - 8. Calculate the greatest common divisor of o and 16.
2
Suppose f + 180 = 5*u, -5*u + 4*f + 136 + 44 = 0. Let p be 81/1 + -2 + -2. Let i be 938/p + 4/(-22). What is the highest common factor of i and u?
12
Let q(w) = w**2 + 2*w - 8. Let l be 45 - 41 - -1*(1 - 1). Let u be q(l). Let i be 0 + -1 - (-41)/1. Calculate the highest common divisor of i and u.
8
Let c = 460 - 256. Let y = c - 170. Suppose 5*a + 307 - 67 = 5*k, 4*k = 3*a + 195. Calculate the greatest common divisor of k and y.
17
Let a(w) = -w**2 - 18*w + 26. Let n be a(-17). What is the highest common factor of n and 688?
43
Let j be 4 - (-3 + 66/(-2)). Let c = -21 - -41. Let v = j - c. Calculate the greatest common factor of v and 8.
4
Suppose -10 = -5*u - 0. Suppose -u*q + q + 5 = 0. Suppose j - 13 = -5*f, -5*j + 11 + 6 = f. What is the highest common factor of f and q?
1
Let v(p) = -3*p**2 - 2*p + 3. Let o be v(3). Let r = -2 - o. What is the highest common divisor of 14 and r?
14
Suppose -4*l + 176 - 533 = -3*c, 4*c = -5*l + 476. Calculate the highest common factor of 21 and c.
7
Let k(q) be the second derivative of q**4/12 + 5*q**2 - 11*q. Let i be k(0). Calculate the highest common factor of i and 110.
10
Let g be (-12)/48 + 939/(-12)*-1. What is the highest common factor of g and 26?
26
Let p = 1 + -5. Let y(r) = -r**3 - 2*r**2 - 